{"id":962,"date":"2013-01-10T10:57:57","date_gmt":"2013-01-10T08:57:57","guid":{"rendered":"http:\/\/www2004.vu.lt\/?page_id=962"},"modified":"2026-04-28T12:51:04","modified_gmt":"2026-04-28T09:51:04","slug":"specialistai-teikiantys-pagalba","status":"publish","type":"page","link":"https:\/\/www.lavoriskes.vilniausr.lm.lt\/?page_id=962","title":{"rendered":"Pagalbos mokiniui specialistai"},"content":{"rendered":"<p><strong>SOCIALINIS PEDAGOGAS<\/strong><\/p>\n<p>Pagrindin\u0117s socialinio pedagogo veiklos formos:<\/p>\n<ul>\n<li>individualus darbas \u2013 konsultacijos,<\/li>\n<li>pokalbiai; susirinkimai, pasitarimai; diskusijos;<\/li>\n<li>konkursai; projektai; informacijos sisteminimas ir sklaida.<\/li>\n<\/ul>\n<p>Kreipkis \u012f socialin\u012f pedagog\u0105, jeigu:<\/p>\n<ul>\n<li>Turi problem\u0173 bendraujant su bendraam\u017eiais, mokytojais;<\/li>\n<li>Patyrei paty\u010dias, fizin\u012f ar psichologin\u012f smurt\u0105 mokykloje;<\/li>\n<li>Jautiesi vieni\u0161as, atstumtas ir nesuprastas, norisi i\u0161sikalb\u0117ti;<\/li>\n<li>Sunku priprasti ir mokytis naujoje mokykloje;<\/li>\n<li>Nori pasid\u017eiaugti s\u0117kme ar pasidalinti savo r\u016bpes\u010diais, kartu paie\u0161koti sprendim\u0173 ar tiesiog pab\u016bti kartu\u2026<\/li>\n<li>Kyla sunkum\u0173 moksluose ir nori apie tai i\u0161sikalb\u0117ti\u2026<\/li>\n<li>Turi id\u0117j\u0173 ir sumanym\u0173, kuriuos nor\u0117tum \u012fgyvendinti gimnazijoje organizuojant \u012fvairias akcijas, renginius prevencine tematika.<\/li>\n<\/ul>\n<p>Socialinio pedagogo veiklos kryptys:<\/p>\n<ul>\n<li>Individualus darbas su mokiniais;<\/li>\n<li>Darbas su mokiniais ir pedagogais;<\/li>\n<li>Netinkamo elgesio koregavimas;<\/li>\n<li>Prevencin\u0117 veikla;<\/li>\n<li>\u0160viet\u0117ji\u0161ka veikla.<\/li>\n<\/ul>\n<p>Jeigu Tau nedr\u0105su kreiptis \u012f socialin\u012f pedagog\u0105, nepamir\u0161k, kad gali man para\u0161yti \u012f el.dienyn\u0105<\/p>\n<p><a href=\"http:\/\/www.lavoriskes.vilniausr.lm.lt\/wp-content\/uploads\/2025\/10\/darbo-grafikas.pdf\">Specialist\u0173 darbo grafikai<\/a><\/p>\n<p><strong>Visada esi laukiamas!<\/strong><\/p>\n<h3><strong>Mokyklos psichologas<\/strong><\/h3>\n<p>Mokyklos psichologas padeda mokiniams, j\u0173 t\u0117vams (glob\u0117jams) ir mokytojams spr\u0119sti emocinius, elgesio bei mokymosi sunkumus. Pagrindinis tikslas \u2013 kurti saugi\u0105 ir palaikan\u010di\u0105 aplink\u0105, kurioje kiekvienas mokinys gal\u0117t\u0173 s\u0117kmingai augti ir mokytis.<\/p>\n<h3>Pagrindin\u0117 veikla<\/h3>\n<ul>\n<li><strong>Konsultuoja<\/strong> mokinius (d\u0117l nerimo, santyki\u0173, mokymosi), t\u0117vus (aukl\u0117jimo, elgesio klausimais) ir mokytojus (d\u0117l metod\u0173, klas\u0117s mikroklimato).<\/li>\n<li><strong>Atlieka vertinim\u0105<\/strong>, kad pad\u0117t\u0173 suprasti mokinio sunkumus bei stiprybes ir nustatyti pagalbos poreik\u012f.<\/li>\n<li><strong>Veda prevencinius u\u017esi\u0117mimus<\/strong> klas\u0117ms aktualiomis temomis (streso valdymas, paty\u010di\u0173 prevencija, emocinis ra\u0161tingumas).<\/li>\n<li><strong>Teikia pagalb\u0105<\/strong> mokyklos bendruomenei kriziniais atvejais.<\/li>\n<\/ul>\n<h3>Kada kreiptis?<\/h3>\n<ul>\n<li><strong>Mokiniai:<\/strong> Kai jau\u010diasi li\u016bdni, nerimauja, patiria paty\u010dias, sunkiai sutaria su kitais ar tiesiog nori pasikalb\u0117ti.<\/li>\n<li><strong>T\u0117vai (glob\u0117jai):<\/strong> Pasteb\u0117jus nerim\u0105 kelian\u010dius vaiko elgesio ar emocij\u0173 pokycius, prireikus patarimo d\u0117l aukl\u0117jimo, mokymosi ar \u0161eimos i\u0161\u0161\u016bki\u0173.<\/li>\n<\/ul>\n<h3>Konfidencialumas<\/h3>\n<p>Pokalbiai su psichologu yra <strong>konfidencial\u016bs<\/strong>. Informacija neatskleid\u017eiama, i\u0161skyrus atvejus, kai kyla reali gr\u0117sm\u0117 j\u016bs\u0173 ar kito asmens sveikatai bei gyvybei.<\/p>\n<h3>Susisiekite<\/h3>\n<p><strong>Mokyklos psichologas: <\/strong>Ksenija \u010caiko<\/p>\n<p><strong>Darbo ir pri\u0117mimo laikas:<\/strong><\/p>\n<ul>\n<li>Antradieniais: 12.00 \u2013 16.00 val.<\/li>\n<li>Tre\u010diadieniais: 8.30 \u2013 16.00 val.<\/li>\n<\/ul>\n<p><strong>Mokiniai <\/strong>gali kreiptis per pertraukas, pamok\u0173 metu (gav\u0119 mokytojo leidim\u0105), el. dienyn\u0105 ar el.pa\u0161tu: ksenijapsichologe@gmail.com.<\/p>\n<p><strong>T\u0117vai (glob\u0117jai): <\/strong>D\u0117l gyvos ar nuotolin\u0117s konsultacijos galite u\u017esira\u0161yti susisiek\u0119 per el.dienyn\u0105 arba el. pa\u0161tu: ksenijapsichologe@gmail.com<\/p>\n<p><strong>Visuomen\u0117s sveikatos specialistas<\/strong><br \/>\nVilniaus rajono savivaldyb\u0117s visuomen\u0117s sveikatos biuro<br \/>\nVaik\u0173 ir jaunimo visuomen\u0117s sveikatos prie\u017ei\u016bros skyriaus<br \/>\nvisuomen\u0117s sveikatos specialistas, vykdantis sveikatos prie\u017ei\u016br\u0105 mokykloje<\/p>\n<p><strong>Antonina Michajlovskaja<\/strong><br \/>\nEl. pa\u0161tas: antonina.michailovskaja@vrvsb.lt<\/p>\n<p><strong>Visuomen\u0117s sveikatos specialisto pagrindin\u0117s atsakomyb\u0117s:<\/strong><br \/>\n\u2022 konsultuoti ugdymo \u012fstaigos bendruomen\u0119 sveikatingumo klausimais;<br \/>\n\u2022 organizuoti ir vesti veiklas ugdymo \u012fstaigos bendruomenei sveikatos stiprinimo ir i\u0161saugojimo temomis;<br \/>\n\u2022 organizuoti l\u0117tini\u0173 lig\u0173 profilaktik\u0105 (koordinuoti savir\u016bpos organizavimo procesus);<br \/>\n\u2022 suteikti pirm\u0105j\u0105 pagalb\u0105 bei tikrinti mokini\u0173 asmens higien\u0105;<br \/>\n\u2022 pri\u017ei\u016br\u0117ti mokini\u0173 maitinimo organizavimo atitikt\u012f teis\u0117s aktams;<br \/>\n\u2022 tvarkyti ir analizuoti mokini\u0173 sveikatos pa\u017eym\u0117jimus;<br \/>\n\u2022 analizuoti sergamum\u0105 ir kitus sveikatos rodiklius;<br \/>\n\u2022 pri\u017ei\u016br\u0117ti ugdymo \u012fstaigos aplinkos atitikt\u012f higienos normoms bei teikti si\u016blymus d\u0117l sveikatai palankios aplinkos;<br \/>\n\u2022 planuoti ir organizuoti sveikatingumo projektus;<br \/>\n\u2022 rengti ir dalintis med\u017eiaga apie sveikatos stiprinim\u0105;<br \/>\n\u2022 dalyvauti u\u017ekre\u010diam\u0173j\u0173 lig\u0173 plitimo valdyme.<\/p>\n<p>Visais i\u0161vardytais klausimais galima kreiptis el. pa\u0161tu antonina.michailovskaja@vrvsb.lt, telefonu +370 604 706 38 arba per \u201eMano dienyn\u0105\u201c nurodytu darbo laiku. Esant poreikiui, darbo valandomis galima atvykti \u012f visuomen\u0117s sveikatos specialisto kabinet\u0105.<\/p>\n<p><strong>Visuomen\u0117s sveikatos specialisto darbo laikas:<\/strong><\/p>\n<p>A&nbsp;&nbsp;&nbsp;&nbsp; &#8211;&nbsp;&nbsp;&nbsp;&nbsp;&nbsp;&nbsp; 7.00-19.00 val.&nbsp;&nbsp;&nbsp; &nbsp;&nbsp;&nbsp;&nbsp;&nbsp;&nbsp;&nbsp;&nbsp;&nbsp;&nbsp;&nbsp;&nbsp;&nbsp;&nbsp;&nbsp;&nbsp;Piet\u012f pertrauka&nbsp;&nbsp;&nbsp; &#8211;&nbsp;&nbsp;&nbsp;&nbsp;&nbsp;&nbsp; &nbsp;&nbsp;&nbsp;12.00-12.30 val.<\/p>\n<p>K&nbsp;&nbsp;&nbsp; &#8211;&nbsp;&nbsp;&nbsp;&nbsp;&nbsp;&nbsp;&nbsp; 12.40- 20.00 val.&nbsp; &nbsp;&nbsp;&nbsp;&nbsp;&nbsp;&nbsp;&nbsp;&nbsp;&nbsp;&nbsp;&nbsp;&nbsp;&nbsp;&nbsp;&nbsp;Piet\u0173 pertrauka&nbsp;&nbsp;&nbsp;&nbsp; &#8211; &nbsp;&nbsp;&nbsp;&nbsp;&nbsp;&nbsp;&nbsp;&nbsp;&nbsp;&nbsp;17.30-18.00 val.<\/p>\n<div id=\"wp_fb_like_button\" style=\"margin:5px 0;float:none;height:100px;\"><script src=\"http:\/\/connect.facebook.net\/en_US\/all.js#xfbml=1\"><\/script><fb:like href=\"https:\/\/www.lavoriskes.vilniausr.lm.lt\/?page_id=962\" send=\"true\" layout=\"standard\" width=\"450\" show_faces=\"true\" font=\"arial\" action=\"like\" colorscheme=\"light\"><\/fb:like><\/div>","protected":false},"excerpt":{"rendered":"<p>SOCIALINIS PEDAGOGAS Pagrindin\u0117s socialinio pedagogo veiklos formos: individualus darbas \u2013 konsultacijos, pokalbiai; susirinkimai, pasitarimai; diskusijos; konkursai; projektai; informacijos sisteminimas ir sklaida. Kreipkis \u012f socialin\u012f pedagog\u0105, jeigu: Turi problem\u0173 bendraujant su bendraam\u017eiais, mokytojais; Patyrei paty\u010dias, fizin\u012f ar psichologin\u012f smurt\u0105 mokykloje; Jautiesi &hellip; <a href=\"https:\/\/www.lavoriskes.vilniausr.lm.lt\/?page_id=962\">Skaitykite toliau <span class=\"meta-nav\">&rarr;<\/span><\/a><\/p>\n","protected":false},"author":2,"featured_media":0,"parent":9201,"menu_order":1,"comment_status":"closed","ping_status":"closed","template":"","meta":{"ngg_post_thumbnail":0,"footnotes":""},"class_list":["post-962","page","type-page","status-publish","hentry"],"_links":{"self":[{"href":"https:\/\/www.lavoriskes.vilniausr.lm.lt\/index.php?rest_route=\/wp\/v2\/pages\/962","targetHints":{"allow":["GET"]}}],"collection":[{"href":"https:\/\/www.lavoriskes.vilniausr.lm.lt\/index.php?rest_route=\/wp\/v2\/pages"}],"about":[{"href":"https:\/\/www.lavoriskes.vilniausr.lm.lt\/index.php?rest_route=\/wp\/v2\/types\/page"}],"author":[{"embeddable":true,"href":"https:\/\/www.lavoriskes.vilniausr.lm.lt\/index.php?rest_route=\/wp\/v2\/users\/2"}],"replies":[{"embeddable":true,"href":"https:\/\/www.lavoriskes.vilniausr.lm.lt\/index.php?rest_route=%2Fwp%2Fv2%2Fcomments&post=962"}],"version-history":[{"count":33,"href":"https:\/\/www.lavoriskes.vilniausr.lm.lt\/index.php?rest_route=\/wp\/v2\/pages\/962\/revisions"}],"predecessor-version":[{"id":12612,"href":"https:\/\/www.lavoriskes.vilniausr.lm.lt\/index.php?rest_route=\/wp\/v2\/pages\/962\/revisions\/12612"}],"up":[{"embeddable":true,"href":"https:\/\/www.lavoriskes.vilniausr.lm.lt\/index.php?rest_route=\/wp\/v2\/pages\/9201"}],"wp:attachment":[{"href":"https:\/\/www.lavoriskes.vilniausr.lm.lt\/index.php?rest_route=%2Fwp%2Fv2%2Fmedia&parent=962"}],"curies":[{"name":"wp","href":"https:\/\/api.w.org\/{rel}","templated":true}]}}