{"id":8698,"date":"2019-05-07T08:10:42","date_gmt":"2019-05-07T05:10:42","guid":{"rendered":"http:\/\/www.lavoriskes.vilniausr.lm.lt\/?page_id=8698"},"modified":"2019-05-08T07:59:08","modified_gmt":"2019-05-08T04:59:08","slug":"dokumenty","status":"publish","type":"page","link":"https:\/\/www.lavoriskes.vilniausr.lm.lt\/?page_id=8698&amp;lang=pl","title":{"rendered":"Dokumenty"},"content":{"rendered":"<p><a href=\"http:\/\/www.lavoriskes.vilniausr.lm.lt\/wp-content\/uploads\/2018\/10\/Mokini\u0173-elgesio-taisykl\u0117s-2019.pdf\">Mokini\u0173 elgesio taisykl\u0117s 2019<\/a><\/p>\r\n<p><a href=\"http:\/\/www.lavoriskes.vilniausr.lm.lt\/wp-content\/uploads\/2019\/05\/kvalifikacijos-tobulinimo-tvarkos-aprasas_pataisytas.pdf\">GIMNAZIJOS VADOVO, PAVADUOTOJO UGDYMUI, MOKYTOJ\u0172, PAGALBOS MOKINIUI SPECIALIST\u0172 KVALIFIKACIJOS TOBULINIMO TVARKOS APRA\u0160AS<\/a><\/p>\r\n<p style=\"font-size: 13px; line-height: 20.7999992370605px;\"><span style=\"font-size: 12pt;\"><a href=\"http:\/\/www.lavoriskes.vilniausr.lm.lt\/wp-content\/uploads\/2015\/02\/2Lavoriskiu_Strateginis_2015-2019.pdf\">VILNIAUS R. LAVORI\u0160KI\u0172 STEPONO BATORO GIMNAZIJOS 2015-2019 MET\u0172 STRATEGINIS PLANAS<\/a><\/span><\/p>\r\n<p><a href=\"http:\/\/www.lavoriskes.vilniausr.lm.lt\/wp-content\/uploads\/2019\/05\/Lytiskumo_programa.pdf\">SVEIKATOS IR LYTI\u0160KUMO UGDYMO BEI RENGIMO \u0160EIMAI BENDROSIOS PROGRAMA<\/a><\/p>\r\n<p style=\"font-size: 13px; line-height: 20.7999992370605px;\"><span style=\"font-size: 12pt;\"><a href=\"http:\/\/www.lavoriskes.vilniausr.lm.lt\/wp-content\/uploads\/2018\/04\/2017-MET\u0172-VADOVO-VEIKLOS-ATASKAITA.pdf\">2017 met\u0173 vadovo veiklos ataskaita<\/a><\/span><\/p>\r\n<p style=\"font-size: 13px; line-height: 20.7999992370605px;\"><span style=\"font-size: 12pt;\"><a href=\"http:\/\/www.lavoriskes.vilniausr.lm.lt\/wp-content\/uploads\/2015\/02\/ugdymo-planas-16-17-m.m..pdf\">VILNIAUS R. LAVORI\u0160KI\u0172 STEPONO BATORO GIMNAZIJOS 2016-2017 M.M. UGDYMO PLANAS<\/a><\/span><\/p>\r\n<p style=\"font-size: 13px; line-height: 20.7999992370605px;\"><span style=\"font-size: 12pt;\"><a href=\"http:\/\/www.lavoriskes.vilniausr.lm.lt\/wp-content\/uploads\/2015\/02\/Pra\u0161ymas-d\u0117l-priemimo-\u012f-MOKYKL\u0104.doc\">Pra\u0161ymas d\u0117l pri\u0117mimo \u012f gimnazij\u0105<\/a><\/span><\/p>\r\n<p style=\"font-size: 13px; line-height: 20.7999992370605px;\"><span style=\"font-size: 12pt;\"><a href=\"http:\/\/www.lavoriskes.vilniausr.lm.lt\/wp-content\/uploads\/2019\/04\/PRASYMAS_DEL_PRIEMIMO_I_GIMNAZIJA.pdf\">PRA\u0160YMAS D\u0116L PRI\u0116MIMO \u012e GIMNAZIJ\u0104<\/a><\/span><\/p>\r\n<p style=\"font-size: 13px; line-height: 20.7999992370605px;\"><span style=\"font-size: 12pt;\"><a href=\"http:\/\/www.lavoriskes.vilniausr.lm.lt\/wp-content\/uploads\/2015\/02\/nuostatai.pdf\">GIMNAZIJOS NUOSTATAI<\/a><\/span><\/p>\r\n<p style=\"font-size: 13px; line-height: 20.7999992370605px;\"><span style=\"font-size: 12pt;\"><a href=\"http:\/\/www.lavoriskes.vilniausr.lm.lt\/wp-content\/uploads\/2015\/02\/e_dienyno_nuostatai_2014.pdf\">Elektroninio dienyno nuostatai<\/a><\/span><\/p>\r\n<p style=\"font-size: 13px; line-height: 20.7999992370605px;\"><span style=\"font-size: 12pt;\"><a href=\"http:\/\/www.lavoriskes.vilniausr.lm.lt\/wp-content\/uploads\/2015\/02\/lankomumo-tvarka-1.pdf\">GIMNAZIJOS MOKINI\u0172 PAMOK\u0172 LANKOMUMO TVARKA<\/a><\/span><\/p>\r\n<p style=\"font-size: 13px; line-height: 20.7999992370605px;\"><span style=\"font-size: 12pt;\"><a href=\"http:\/\/www.lavoriskes.vilniausr.lm.lt\/wp-content\/uploads\/2015\/02\/Finansines-atsakomybes-ataskaitos.pdf\">2016 m. finansin\u0117s atsakomyb\u0117s ataskaitos<\/a><\/span><\/p>\r\n<p style=\"font-size: 13px; line-height: 20.7999992370605px;\"><a href=\"http:\/\/www.lavoriskes.vilniausr.lm.lt\/wp-content\/uploads\/2019\/05\/Vidaus-darbo-tvarka-gimnazija-2018-08-31.pdf\">Darbo tvarkos taisykl\u0117s<\/a><\/p>\r\n<p style=\"font-size: 13px; line-height: 20.7999992370605px;\"><span style=\"font-size: 12pt;\"><a href=\"http:\/\/www.lavoriskes.vilniausr.lm.lt\/wp-content\/uploads\/2015\/02\/Vertinimo-tvarkos-aprasas-1.pdf\">Vertinimo tvarkos apra\u0161as<\/a><\/span><\/p>\r\n<p style=\"font-size: 13px; line-height: 20.7999992370605px;\"><span style=\"font-size: 12pt;\"><a href=\"http:\/\/www.lavoriskes.vilniausr.lm.lt\/wp-content\/uploads\/2015\/02\/TURRIZMO-TVARKOS-APRA\u0160AS.pdf\">TURRIZMO TVARKOS APRA\u0160AS<\/a><\/span><\/p>\r\n<p style=\"font-size: 13px; line-height: 20.7999992370605px;\"><span style=\"font-size: 12pt;\"><a href=\"http:\/\/www.lavoriskes.vilniausr.lm.lt\/wp-content\/uploads\/2015\/02\/Smurto-ir-prevencijos-tvarkos-apra\u0161as-1.pdf\">Smurto ir prevencijos tvarkos apra\u0161as<\/a><\/span><\/p>\r\n<p style=\"font-size: 13px; line-height: 20.7999992370605px;\"><span style=\"font-size: 12pt;\"><a href=\"http:\/\/www.lavoriskes.vilniausr.lm.lt\/wp-content\/uploads\/2015\/02\/Mokytojo-pareigybes-aprasas.pdf\">Mokytojo pareigyb\u0117s apra\u0161as<\/a><\/span><\/p>\r\n<p style=\"font-size: 13px; line-height: 20.7999992370605px;\"><span style=\"font-size: 12pt;\"><a href=\"http:\/\/www.lavoriskes.vilniausr.lm.lt\/wp-content\/uploads\/2015\/02\/Klases-aukletojo-darbo-tvarkos-aprasas-1.pdf\">Klas\u0117s vadovo darbo tvarkos apra\u0161as<\/a><\/span><\/p>\r\n<p style=\"font-size: 13px; line-height: 20.7999992370605px;\"><span style=\"font-size: 12pt;\"><a href=\"http:\/\/www.lavoriskes.vilniausr.lm.lt\/wp-content\/uploads\/2015\/02\/Ugdomosios-veikos-steb\u0117senos-tvarkos-apra\u0161as.pdf\">Ugdomosios veikos steb\u0117senos tvarkos apra\u0161as<\/a><\/span><\/p>\r\n<p><span style=\"font-size: 12pt;\"><a href=\"http:\/\/www.lavoriskes.vilniausr.lm.lt\/wp-content\/uploads\/2018\/10\/T\u0117v\u0173_sutikimas_d\u0117l_dalyvavimo_turizmo_renginyje.docx\">T\u0117v\u0173 sutikimas d\u0117l dalyvavimo turizmo renginyje<\/a><\/span> <a href=\"http:\/\/www.lavoriskes.vilniausr.lm.lt\/wp-content\/uploads\/2018\/10\/Pra\u0161ymas-d\u0117l-praleist\u0173-pamok\u0173-pateisinimo.doc\">Pra\u0161ymas d\u0117l praleist\u0173 pamok\u0173 pateisinimo<\/a> <span style=\"font-size: 12pt;\"><a href=\"http:\/\/www.lavoriskes.vilniausr.lm.lt\/wp-content\/uploads\/2019\/01\/Finansiniu-ataskaitu-rinkinys.pdf\">Finansini\u0173 ataskait\u0173 rinkinys<\/a><\/span> &nbsp; &nbsp;<\/p>\r\n<div id=\"wp_fb_like_button\" style=\"margin:5px 0;float:none;height:100px;\"><script src=\"http:\/\/connect.facebook.net\/en_US\/all.js#xfbml=1\"><\/script><fb:like href=\"https:\/\/www.lavoriskes.vilniausr.lm.lt\/?page_id=8698&amp;lang=pl\" send=\"true\" layout=\"standard\" width=\"450\" show_faces=\"true\" font=\"arial\" action=\"like\" colorscheme=\"light\"><\/fb:like><\/div>","protected":false},"excerpt":{"rendered":"<p>Mokini\u0173 elgesio taisykl\u0117s 2019 GIMNAZIJOS VADOVO, PAVADUOTOJO UGDYMUI, MOKYTOJ\u0172, PAGALBOS MOKINIUI SPECIALIST\u0172 KVALIFIKACIJOS TOBULINIMO TVARKOS APRA\u0160AS VILNIAUS R. LAVORI\u0160KI\u0172 STEPONO BATORO GIMNAZIJOS 2015-2019 MET\u0172 STRATEGINIS PLANAS SVEIKATOS IR LYTI\u0160KUMO UGDYMO BEI RENGIMO \u0160EIMAI BENDROSIOS PROGRAMA 2017 met\u0173 vadovo veiklos ataskaita &hellip; <a href=\"https:\/\/www.lavoriskes.vilniausr.lm.lt\/?page_id=8698&amp;lang=pl\">Skaitykite toliau <span class=\"meta-nav\">&rarr;<\/span><\/a><\/p>\n","protected":false},"author":2,"featured_media":0,"parent":1153,"menu_order":10,"comment_status":"closed","ping_status":"closed","template":"","meta":{"ngg_post_thumbnail":0,"footnotes":""},"class_list":["post-8698","page","type-page","status-publish","hentry"],"_links":{"self":[{"href":"https:\/\/www.lavoriskes.vilniausr.lm.lt\/index.php?rest_route=\/wp\/v2\/pages\/8698","targetHints":{"allow":["GET"]}}],"collection":[{"href":"https:\/\/www.lavoriskes.vilniausr.lm.lt\/index.php?rest_route=\/wp\/v2\/pages"}],"about":[{"href":"https:\/\/www.lavoriskes.vilniausr.lm.lt\/index.php?rest_route=\/wp\/v2\/types\/page"}],"author":[{"embeddable":true,"href":"https:\/\/www.lavoriskes.vilniausr.lm.lt\/index.php?rest_route=\/wp\/v2\/users\/2"}],"replies":[{"embeddable":true,"href":"https:\/\/www.lavoriskes.vilniausr.lm.lt\/index.php?rest_route=%2Fwp%2Fv2%2Fcomments&post=8698"}],"version-history":[{"count":2,"href":"https:\/\/www.lavoriskes.vilniausr.lm.lt\/index.php?rest_route=\/wp\/v2\/pages\/8698\/revisions"}],"predecessor-version":[{"id":8712,"href":"https:\/\/www.lavoriskes.vilniausr.lm.lt\/index.php?rest_route=\/wp\/v2\/pages\/8698\/revisions\/8712"}],"up":[{"embeddable":true,"href":"https:\/\/www.lavoriskes.vilniausr.lm.lt\/index.php?rest_route=\/wp\/v2\/pages\/1153"}],"wp:attachment":[{"href":"https:\/\/www.lavoriskes.vilniausr.lm.lt\/index.php?rest_route=%2Fwp%2Fv2%2Fmedia&parent=8698"}],"curies":[{"name":"wp","href":"https:\/\/api.w.org\/{rel}","templated":true}]}}