{"id":2049,"date":"2015-01-26T22:03:39","date_gmt":"2015-01-26T20:03:39","guid":{"rendered":"http:\/\/www.lavoriskes.vilniausr.lm.lt\/?page_id=2049"},"modified":"2016-12-06T09:31:28","modified_gmt":"2016-12-06T07:31:28","slug":"grupa-metodyczna-wychowawcow-klasowych","status":"publish","type":"page","link":"https:\/\/www.lavoriskes.vilniausr.lm.lt\/?page_id=2049&amp;lang=pl","title":{"rendered":"Grupa metodyczna wychowawc\u00f3w klasowych"},"content":{"rendered":"<p><strong><em>Przewodnicz\u0105ca &#8211;<\/em><\/strong>\u00a0 Anna Burbo, nauczyciel metodyk j\u0119zyka polskiego, 9 klasa<\/p>\n<p><strong><em>Sekretarz<\/em><\/strong> &#8211;\u00a0 Regina Sudnikiewicz, nauczyciel j\u0119zyka litewskiego, 8 klasa<\/p>\n<p><strong><em>Cz\u0142onkowie:<\/em><\/strong><\/p>\n<ul>\n<li>Jolanta Radvilien\u0117, starszy nauczyciel matematyki, 5 klasa<\/li>\n<li>Mieczys\u0142aw Podlecki, nauczyciel informatyki i matematyki, 6 klasa<\/li>\n<li>Halina Szturo, nauczyciel metodyk j\u0119zyka polskiego, 7 klasa<\/li>\n<li>Jelena Palewicz, starszy nauczyciel plastyki i technologii, IIG klasa<\/li>\n<li>Jolanta Maciejkianiec, starszy nauczyciel biologii i nauczyciel geografii, IIIG klasa<\/li>\n<li>Albert Wo\u0142k, starszy nauczyciel historii, IVG klasa<\/li>\n<\/ul>\n<div id=\"wp_fb_like_button\" style=\"margin:5px 0;float:none;height:100px;\"><script src=\"http:\/\/connect.facebook.net\/en_US\/all.js#xfbml=1\"><\/script><fb:like href=\"https:\/\/www.lavoriskes.vilniausr.lm.lt\/?page_id=2049&amp;lang=pl\" send=\"true\" layout=\"standard\" width=\"450\" show_faces=\"true\" font=\"arial\" action=\"like\" colorscheme=\"light\"><\/fb:like><\/div>","protected":false},"excerpt":{"rendered":"<p>Przewodnicz\u0105ca &#8211;\u00a0 Anna Burbo, nauczyciel metodyk j\u0119zyka polskiego, 9 klasa Sekretarz &#8211;\u00a0 Regina Sudnikiewicz, nauczyciel j\u0119zyka litewskiego, 8 klasa Cz\u0142onkowie: Jolanta Radvilien\u0117, starszy nauczyciel matematyki, 5 klasa Mieczys\u0142aw Podlecki, nauczyciel informatyki i matematyki, 6 klasa Halina Szturo, nauczyciel metodyk j\u0119zyka &hellip; <a href=\"https:\/\/www.lavoriskes.vilniausr.lm.lt\/?page_id=2049&amp;lang=pl\">Skaitykite toliau <span class=\"meta-nav\">&rarr;<\/span><\/a><\/p>\n","protected":false},"author":2,"featured_media":0,"parent":2041,"menu_order":0,"comment_status":"closed","ping_status":"closed","template":"","meta":{"ngg_post_thumbnail":0,"footnotes":""},"class_list":["post-2049","page","type-page","status-publish","hentry"],"_links":{"self":[{"href":"https:\/\/www.lavoriskes.vilniausr.lm.lt\/index.php?rest_route=\/wp\/v2\/pages\/2049","targetHints":{"allow":["GET"]}}],"collection":[{"href":"https:\/\/www.lavoriskes.vilniausr.lm.lt\/index.php?rest_route=\/wp\/v2\/pages"}],"about":[{"href":"https:\/\/www.lavoriskes.vilniausr.lm.lt\/index.php?rest_route=\/wp\/v2\/types\/page"}],"author":[{"embeddable":true,"href":"https:\/\/www.lavoriskes.vilniausr.lm.lt\/index.php?rest_route=\/wp\/v2\/users\/2"}],"replies":[{"embeddable":true,"href":"https:\/\/www.lavoriskes.vilniausr.lm.lt\/index.php?rest_route=%2Fwp%2Fv2%2Fcomments&post=2049"}],"version-history":[{"count":5,"href":"https:\/\/www.lavoriskes.vilniausr.lm.lt\/index.php?rest_route=\/wp\/v2\/pages\/2049\/revisions"}],"predecessor-version":[{"id":4391,"href":"https:\/\/www.lavoriskes.vilniausr.lm.lt\/index.php?rest_route=\/wp\/v2\/pages\/2049\/revisions\/4391"}],"up":[{"embeddable":true,"href":"https:\/\/www.lavoriskes.vilniausr.lm.lt\/index.php?rest_route=\/wp\/v2\/pages\/2041"}],"wp:attachment":[{"href":"https:\/\/www.lavoriskes.vilniausr.lm.lt\/index.php?rest_route=%2Fwp%2Fv2%2Fmedia&parent=2049"}],"curies":[{"name":"wp","href":"https:\/\/api.w.org\/{rel}","templated":true}]}}