{"id":2,"date":"2010-05-18T13:59:19","date_gmt":"2010-05-18T10:59:19","guid":{"rendered":"http:\/\/www2004.vu.lt\/?page_id=2"},"modified":"2015-02-19T08:06:30","modified_gmt":"2015-02-19T06:06:30","slug":"apie","status":"publish","type":"page","link":"https:\/\/www.lavoriskes.vilniausr.lm.lt\/?page_id=2","title":{"rendered":"Vizija, misija, filosofija"},"content":{"rendered":"<p style=\"text-align: center;\">\n\t<span style=\"font-size:16px;\"><span style=\"font-family:times new roman,times,serif;\"><span style=\"color: #333300;\"><strong>Vizija<\/strong><\/span><\/span><\/span>\n<\/p>\n<p style=\"text-align: justify;\">\n\tAtvira naujov\u0117ms, atsakingai priimanti gyvenimo i&scaron;&scaron;\u016bkius gimnazij\u0105, teikianti pradin\u012f, pagrindin\u012f ir vidurin\u012f ugdym\u0105, kurioje kiekvienas, mokydamasis pagal savo j\u0117gas, geb\u0117jimus ir polinkius, patirdamas mokymosi d\u017eiaugsm\u0105, i&scaron;siugdo polink\u012f mokytis vis\u0105 gyvenim\u0105, \u012fgyja &scaron;iuolaikin\u0119 kompetencij\u0105, leid\u017eian\u010di\u0105 jam pasiekti jo gyvenime u\u017esibr\u0117\u017et\u0173 tiksl\u0173 ir pasiekti auk&scaron;tesn\u0119 nei tur\u0117t\u0105 gyvenimo kokyb\u0119.\n<\/p>\n<p style=\"text-align: justify;\">\n\t<a href=\"http:\/\/www.lavoriskes.vilniausr.lm.lt\/wp-content\/uploads\/2010\/05\/mlcpuzt.jpg\"><img loading=\"lazy\" decoding=\"async\" alt=\"\" class=\"aligncenter size-full wp-image-2123\" height=\"265\" src=\"http:\/\/www.lavoriskes.vilniausr.lm.lt\/wp-content\/uploads\/2010\/05\/mlcpuzt.jpg\" title=\"mlcpuzt\" width=\"264\" \/><\/a>\n<\/p>\n<p style=\"text-align: center;\">\n\t<span style=\"font-size:16px;\"><span style=\"font-family:times new roman,times,serif;\"><span style=\"color: #333300;\"><strong>Misija <\/strong><\/span><\/span><\/span>\n<\/p>\n<p>\n\tVilniaus r. Lavori&scaron;ki\u0173 vidurin\u0117 mokykla atvira ir aktyvi &scaron;vietimo institucija, kuri:\n<\/p>\n<ul>\n<li>\n\t\tteikia pradin\u012f, pagrindin\u012f ir vidurin\u012f i&scaron;silavinim\u0105 lenk\u0173 mokom\u0105j\u0105 kalba;\n\t<\/li>\n<li>\n\t\tugdo laisv\u0105, k\u016brybing\u0105, kriti&scaron;kai m\u0105stan\u010di\u0105, besivadovaujan\u010di\u0105 bendra\u017emogi&scaron;komis, pilietin\u0117mis ir tautin\u0117mis&nbsp;vertyb\u0117mis asmenyb\u0119;\n\t<\/li>\n<li>\n\t\truo&scaron;ia jaunim\u0105 gyventi besikei\u010dian\u010dioje visuomen\u0117je, gebant\u012f savaranki&scaron;kai priimti sprendimus ir aktyviai veikti&nbsp;&scaron;iuolaikin\u0117je konkurencingoje visuomen\u0117je, turint nuostat\u0105 mokytis vis\u0105 gyvenim\u0105.\n\t<\/li>\n<\/ul>\n<p style=\"text-align: center;\">\n\t<span style=\"color: #333300; font-family: Arial; font-size: x-small;\"><img loading=\"lazy\" decoding=\"async\" alt=\"Picture 477\" class=\"size-medium wp-image-43 aligncenter\" height=\"161\" src=\"http:\/\/www2004.vu.lt\/wp-content\/uploads\/2010\/05\/Picture-4771-300x161.jpg\" title=\"Picture 477\" width=\"300\" srcset=\"https:\/\/www.lavoriskes.vilniausr.lm.lt\/wp-content\/uploads\/2010\/05\/Picture-4771-300x161.jpg 300w, https:\/\/www.lavoriskes.vilniausr.lm.lt\/wp-content\/uploads\/2010\/05\/Picture-4771.jpg 800w\" sizes=\"auto, (max-width: 300px) 100vw, 300px\" \/><\/span>\n<\/p>\n<p style=\"text-align: center;\">\n\t<span style=\"font-size:16px;\"><span style=\"font-family:times new roman,times,serif;\"><strong>Filosofija<\/strong><\/span><\/span>\n<\/p>\n<p>\n\t&bdquo;Ugdymas tur\u0117t\u0173 b\u016bti toks, kad mokiniai j\u012f laikyt\u0173 vertinga dovana, o ne sunkia pareiga&ldquo;.\n<\/p>\n<p align=\"right\">\n\t<span style=\"font-size:14px;\"><span style=\"font-family:times new roman,times,serif;\">Albertas Ein&scaron;teinas<\/span><\/span><\/p>\n<div id=\"wp_fb_like_button\" style=\"margin:5px 0;float:none;height:100px;\"><script src=\"http:\/\/connect.facebook.net\/en_US\/all.js#xfbml=1\"><\/script><fb:like href=\"https:\/\/www.lavoriskes.vilniausr.lm.lt\/?page_id=2\" send=\"true\" layout=\"standard\" width=\"450\" show_faces=\"true\" font=\"arial\" action=\"like\" colorscheme=\"light\"><\/fb:like><\/div>","protected":false},"excerpt":{"rendered":"<p>Vizija Atvira naujov\u0117ms, atsakingai priimanti gyvenimo i&scaron;&scaron;\u016bkius gimnazij\u0105, teikianti pradin\u012f, pagrindin\u012f ir vidurin\u012f ugdym\u0105, kurioje kiekvienas, mokydamasis pagal savo j\u0117gas, geb\u0117jimus ir polinkius, patirdamas mokymosi d\u017eiaugsm\u0105, i&scaron;siugdo polink\u012f mokytis vis\u0105 gyvenim\u0105, \u012fgyja &scaron;iuolaikin\u0119 kompetencij\u0105, leid\u017eian\u010di\u0105 jam pasiekti jo gyvenime u\u017esibr\u0117\u017et\u0173 &hellip; <a href=\"https:\/\/www.lavoriskes.vilniausr.lm.lt\/?page_id=2\">Skaitykite toliau <span class=\"meta-nav\">&rarr;<\/span><\/a><\/p>\n","protected":false},"author":1,"featured_media":0,"parent":688,"menu_order":0,"comment_status":"closed","ping_status":"closed","template":"","meta":{"ngg_post_thumbnail":0,"footnotes":""},"class_list":["post-2","page","type-page","status-publish","hentry"],"_links":{"self":[{"href":"https:\/\/www.lavoriskes.vilniausr.lm.lt\/index.php?rest_route=\/wp\/v2\/pages\/2","targetHints":{"allow":["GET"]}}],"collection":[{"href":"https:\/\/www.lavoriskes.vilniausr.lm.lt\/index.php?rest_route=\/wp\/v2\/pages"}],"about":[{"href":"https:\/\/www.lavoriskes.vilniausr.lm.lt\/index.php?rest_route=\/wp\/v2\/types\/page"}],"author":[{"embeddable":true,"href":"https:\/\/www.lavoriskes.vilniausr.lm.lt\/index.php?rest_route=\/wp\/v2\/users\/1"}],"replies":[{"embeddable":true,"href":"https:\/\/www.lavoriskes.vilniausr.lm.lt\/index.php?rest_route=%2Fwp%2Fv2%2Fcomments&post=2"}],"version-history":[{"count":43,"href":"https:\/\/www.lavoriskes.vilniausr.lm.lt\/index.php?rest_route=\/wp\/v2\/pages\/2\/revisions"}],"predecessor-version":[{"id":2152,"href":"https:\/\/www.lavoriskes.vilniausr.lm.lt\/index.php?rest_route=\/wp\/v2\/pages\/2\/revisions\/2152"}],"up":[{"embeddable":true,"href":"https:\/\/www.lavoriskes.vilniausr.lm.lt\/index.php?rest_route=\/wp\/v2\/pages\/688"}],"wp:attachment":[{"href":"https:\/\/www.lavoriskes.vilniausr.lm.lt\/index.php?rest_route=%2Fwp%2Fv2%2Fmedia&parent=2"}],"curies":[{"name":"wp","href":"https:\/\/api.w.org\/{rel}","templated":true}]}}