{"id":1660,"date":"2014-03-05T10:18:35","date_gmt":"2014-03-05T08:18:35","guid":{"rendered":"http:\/\/www.lavoriskes.vilniausr.lm.lt\/?page_id=1660"},"modified":"2025-10-31T13:42:47","modified_gmt":"2025-10-31T11:42:47","slug":"vaiku-geroves-komisija","status":"publish","type":"page","link":"https:\/\/www.lavoriskes.vilniausr.lm.lt\/?page_id=1660","title":{"rendered":"Vaiko gerov\u0117s komisija"},"content":{"rendered":"<p><em>Pirminink\u0117 \u2013<\/em> Eleonora Ma\u0161aro, angl\u0173 kalbos mokytoja metodinink\u0117<\/p>\n<p><em>Pirminink\u0117s pavaduotoja \u2013&nbsp;<\/em>Ana Burbo, logoped\u0117<\/p>\n<p><em>Sekretor\u0117 \u2013&nbsp;<\/em>Nijol\u0117 Krukovskaja, lietuvi\u0173 kalbos ir literat\u016bros mokytoja<\/p>\n<p><em>Nariai:<\/em><\/p>\n<ul>\n<li>Lina Branicka, socialin\u0117 pedagog\u0117<\/li>\n<li>Ksenija \u010caiko, psicholog\u0117<\/li>\n<li>Jolanta Maceikianec, vyresnioji biologijos ir geografijos&nbsp; mokytoja<\/li>\n<li>Me\u010dislav Podleckij, informacini\u0173 technologij\u0173 vyresnysis mokytojas<\/li>\n<li>Dorota Sidorovi\u010d, pradinio ugdymo mokytoja<\/li>\n<li>Kata\u017eyna Misevi\u010d, direktoriaus pavaduotoja ugdymui, 5 klas\u0117s vadov\u0117<\/li>\n<\/ul>\n<p>Mokyklos vaiko gerov\u0117s komisijos sudarymo ir jos darbo organizavimo tvarkos apra\u0161as (<a href=\"https:\/\/www.e-tar.lt\/portal\/lt\/legalAct\/644dc420d56611eaabd5b5599dd4eebe\" target=\"_blank\" rel=\"noopener noreferrer\" data-saferedirecturl=\"https:\/\/www.google.com\/url?q=https:\/\/www.e-tar.lt\/portal\/lt\/legalAct\/644dc420d56611eaabd5b5599dd4eebe&amp;source=gmail&amp;ust=1598434235609000&amp;usg=AFQjCNFlkm3GjotRj710TCARJD6Xp8wOjw\">https:\/\/www.e-tar.lt\/portal\/<wbr>lt\/legalAct\/<wbr>644dc420d56611eaabd5b5599dd4ee<wbr>be<\/a>).&nbsp;<\/p>\n<div id=\"wp_fb_like_button\" style=\"margin:5px 0;float:none;height:100px;\"><script src=\"http:\/\/connect.facebook.net\/en_US\/all.js#xfbml=1\"><\/script><fb:like href=\"https:\/\/www.lavoriskes.vilniausr.lm.lt\/?page_id=1660\" send=\"true\" layout=\"standard\" width=\"450\" show_faces=\"true\" font=\"arial\" action=\"like\" colorscheme=\"light\"><\/fb:like><\/div>","protected":false},"excerpt":{"rendered":"<p>Pirminink\u0117 \u2013 Eleonora Ma\u0161aro, angl\u0173 kalbos mokytoja metodinink\u0117 Pirminink\u0117s pavaduotoja \u2013&nbsp;Ana Burbo, logoped\u0117 Sekretor\u0117 \u2013&nbsp;Nijol\u0117 Krukovskaja, lietuvi\u0173 kalbos ir literat\u016bros mokytoja Nariai: Lina Branicka, socialin\u0117 pedagog\u0117 Ksenija \u010caiko, psicholog\u0117 Jolanta Maceikianec, vyresnioji biologijos ir geografijos&nbsp; mokytoja Me\u010dislav Podleckij, informacini\u0173 technologij\u0173 &hellip; <a href=\"https:\/\/www.lavoriskes.vilniausr.lm.lt\/?page_id=1660\">Skaitykite toliau <span class=\"meta-nav\">&rarr;<\/span><\/a><\/p>\n","protected":false},"author":2,"featured_media":0,"parent":9227,"menu_order":1,"comment_status":"closed","ping_status":"closed","template":"","meta":{"ngg_post_thumbnail":0,"footnotes":""},"class_list":["post-1660","page","type-page","status-publish","hentry"],"_links":{"self":[{"href":"https:\/\/www.lavoriskes.vilniausr.lm.lt\/index.php?rest_route=\/wp\/v2\/pages\/1660","targetHints":{"allow":["GET"]}}],"collection":[{"href":"https:\/\/www.lavoriskes.vilniausr.lm.lt\/index.php?rest_route=\/wp\/v2\/pages"}],"about":[{"href":"https:\/\/www.lavoriskes.vilniausr.lm.lt\/index.php?rest_route=\/wp\/v2\/types\/page"}],"author":[{"embeddable":true,"href":"https:\/\/www.lavoriskes.vilniausr.lm.lt\/index.php?rest_route=\/wp\/v2\/users\/2"}],"replies":[{"embeddable":true,"href":"https:\/\/www.lavoriskes.vilniausr.lm.lt\/index.php?rest_route=%2Fwp%2Fv2%2Fcomments&post=1660"}],"version-history":[{"count":21,"href":"https:\/\/www.lavoriskes.vilniausr.lm.lt\/index.php?rest_route=\/wp\/v2\/pages\/1660\/revisions"}],"predecessor-version":[{"id":12576,"href":"https:\/\/www.lavoriskes.vilniausr.lm.lt\/index.php?rest_route=\/wp\/v2\/pages\/1660\/revisions\/12576"}],"up":[{"embeddable":true,"href":"https:\/\/www.lavoriskes.vilniausr.lm.lt\/index.php?rest_route=\/wp\/v2\/pages\/9227"}],"wp:attachment":[{"href":"https:\/\/www.lavoriskes.vilniausr.lm.lt\/index.php?rest_route=%2Fwp%2Fv2%2Fmedia&parent=1660"}],"curies":[{"name":"wp","href":"https:\/\/api.w.org\/{rel}","templated":true}]}}