{"id":1643,"date":"2014-03-05T10:02:43","date_gmt":"2014-03-05T08:02:43","guid":{"rendered":"http:\/\/www.lavoriskes.vilniausr.lm.lt\/?page_id=1643"},"modified":"2020-03-06T09:16:48","modified_gmt":"2020-03-06T07:16:48","slug":"metodines-grupes","status":"publish","type":"page","link":"https:\/\/www.lavoriskes.vilniausr.lm.lt\/?page_id=1643","title":{"rendered":"Metodin\u0117s grup\u0117s"},"content":{"rendered":"<p>Klasi\u0173 vadov\u0173&nbsp;metodin\u0117 grup\u0117:&nbsp;<a href=\"http:\/\/www.lavoriskes.vilniausr.lm.lt\/?page_id=1645\">http:\/\/www.lavoriskes.vilniausr.lm.lt\/?page_id=1645<\/a><\/p>\n<p>Gamtos, tiksli\u0173j\u0173, socialini\u0173 moksl\u0173 ir men\u0173 metodin\u0117 grup\u0117:&nbsp;<a href=\"http:\/\/www.lavoriskes.vilniausr.lm.lt\/?page_id=1649\">http:\/\/www.lavoriskes.vilniausr.lm.lt\/?page_id=1649<\/a><\/p>\n<p>Humanitarini\u0173 moksl\u0173 metodin\u0117 grup\u0117:&nbsp;<a href=\"http:\/\/www.lavoriskes.vilniausr.lm.lt\/?page_id=1651\">http:\/\/www.lavoriskes.vilniausr.lm.lt\/?page_id=1651<\/a><\/p>\n<p>Pradinio ugdymo metodin\u0117 grup\u0117:&nbsp;<a href=\"http:\/\/www.lavoriskes.vilniausr.lm.lt\/?page_id=1656\">http:\/\/www.lavoriskes.vilniausr.lm.lt\/?page_id=1656<\/a><\/p>\n<div id=\"wp_fb_like_button\" style=\"margin:5px 0;float:none;height:100px;\"><script src=\"http:\/\/connect.facebook.net\/en_US\/all.js#xfbml=1\"><\/script><fb:like href=\"https:\/\/www.lavoriskes.vilniausr.lm.lt\/?page_id=1643\" send=\"true\" layout=\"standard\" width=\"450\" show_faces=\"true\" font=\"arial\" action=\"like\" colorscheme=\"light\"><\/fb:like><\/div>","protected":false},"excerpt":{"rendered":"<p>Klasi\u0173 vadov\u0173&nbsp;metodin\u0117 grup\u0117:&nbsp;http:\/\/www.lavoriskes.vilniausr.lm.lt\/?page_id=1645 Gamtos, tiksli\u0173j\u0173, socialini\u0173 moksl\u0173 ir men\u0173 metodin\u0117 grup\u0117:&nbsp;http:\/\/www.lavoriskes.vilniausr.lm.lt\/?page_id=1649 Humanitarini\u0173 moksl\u0173 metodin\u0117 grup\u0117:&nbsp;http:\/\/www.lavoriskes.vilniausr.lm.lt\/?page_id=1651 Pradinio ugdymo metodin\u0117 grup\u0117:&nbsp;http:\/\/www.lavoriskes.vilniausr.lm.lt\/?page_id=1656<\/p>\n","protected":false},"author":2,"featured_media":0,"parent":75,"menu_order":6,"comment_status":"closed","ping_status":"closed","template":"","meta":{"ngg_post_thumbnail":0,"footnotes":""},"class_list":["post-1643","page","type-page","status-publish","hentry"],"_links":{"self":[{"href":"https:\/\/www.lavoriskes.vilniausr.lm.lt\/index.php?rest_route=\/wp\/v2\/pages\/1643","targetHints":{"allow":["GET"]}}],"collection":[{"href":"https:\/\/www.lavoriskes.vilniausr.lm.lt\/index.php?rest_route=\/wp\/v2\/pages"}],"about":[{"href":"https:\/\/www.lavoriskes.vilniausr.lm.lt\/index.php?rest_route=\/wp\/v2\/types\/page"}],"author":[{"embeddable":true,"href":"https:\/\/www.lavoriskes.vilniausr.lm.lt\/index.php?rest_route=\/wp\/v2\/users\/2"}],"replies":[{"embeddable":true,"href":"https:\/\/www.lavoriskes.vilniausr.lm.lt\/index.php?rest_route=%2Fwp%2Fv2%2Fcomments&post=1643"}],"version-history":[{"count":6,"href":"https:\/\/www.lavoriskes.vilniausr.lm.lt\/index.php?rest_route=\/wp\/v2\/pages\/1643\/revisions"}],"predecessor-version":[{"id":9230,"href":"https:\/\/www.lavoriskes.vilniausr.lm.lt\/index.php?rest_route=\/wp\/v2\/pages\/1643\/revisions\/9230"}],"up":[{"embeddable":true,"href":"https:\/\/www.lavoriskes.vilniausr.lm.lt\/index.php?rest_route=\/wp\/v2\/pages\/75"}],"wp:attachment":[{"href":"https:\/\/www.lavoriskes.vilniausr.lm.lt\/index.php?rest_route=%2Fwp%2Fv2%2Fmedia&parent=1643"}],"curies":[{"name":"wp","href":"https:\/\/api.w.org\/{rel}","templated":true}]}}