{"id":10452,"date":"2022-01-11T14:21:26","date_gmt":"2022-01-11T12:21:26","guid":{"rendered":"http:\/\/www.lavoriskes.vilniausr.lm.lt\/?page_id=10452"},"modified":"2022-01-11T14:21:26","modified_gmt":"2022-01-11T12:21:26","slug":"socialinio-ir-emocinio-ugdymo-programa-paauglystes-kryzkeles","status":"publish","type":"page","link":"https:\/\/www.lavoriskes.vilniausr.lm.lt\/?page_id=10452","title":{"rendered":"Socialinio ir emocinio ugdymo programa \u201ePaauglyst\u0117s kry\u017ekel\u0117s\u201c"},"content":{"rendered":"<p style=\"text-align: justify;\"><b>5-8 klas\u0117se<\/b>&nbsp;\u012fgyvendinama socialinio ir emocinio ugdymo programa&nbsp;<b>LIONS QUEST \u201ePaauglyst\u0117s kry\u017ekel\u0117s\u201c<\/b>. Tai \u012frodymais pagr\u012fsta programa, kuri padeda mokytojams kurti saugi\u0105 mokymosi aplink\u0105 ir ugdyti gyvenimo \u012fg\u016bd\u017eius, padedan\u010dius mokiniams i\u0161gyventi paauglyst\u0117s metus. I\u0161samios pamokos ir pagalbin\u0117 programos med\u017eiaga suvienija mokyklos personal\u0105, \u0161eim\u0105, bendruomen\u0119 ir jaunus \u017emones. \u0160i programa \u012f Bendr\u0105sias ugdymo programas integruoja socialin\u012f ir emocin\u012f ugdym\u0105, charakterio ugdym\u0105, psichoaktyvi\u0173j\u0173 med\u017eiag\u0173 ir paty\u010di\u0173 prevencij\u0105 bei mokym\u0105si tarnaujant, taip skatindama tinkam\u0105 paaugli\u0173 vystym\u0105si.<\/p>\n<div id=\"wp_fb_like_button\" style=\"margin:5px 0;float:none;height:100px;\"><script src=\"http:\/\/connect.facebook.net\/en_US\/all.js#xfbml=1\"><\/script><fb:like href=\"https:\/\/www.lavoriskes.vilniausr.lm.lt\/?page_id=10452\" send=\"true\" layout=\"standard\" width=\"450\" show_faces=\"true\" font=\"arial\" action=\"like\" colorscheme=\"light\"><\/fb:like><\/div>","protected":false},"excerpt":{"rendered":"<p>5-8 klas\u0117se&nbsp;\u012fgyvendinama socialinio ir emocinio ugdymo programa&nbsp;LIONS QUEST \u201ePaauglyst\u0117s kry\u017ekel\u0117s\u201c. Tai \u012frodymais pagr\u012fsta programa, kuri padeda mokytojams kurti saugi\u0105 mokymosi aplink\u0105 ir ugdyti gyvenimo \u012fg\u016bd\u017eius, padedan\u010dius mokiniams i\u0161gyventi paauglyst\u0117s metus. I\u0161samios pamokos ir pagalbin\u0117 programos med\u017eiaga suvienija mokyklos personal\u0105, \u0161eim\u0105, &hellip; <a href=\"https:\/\/www.lavoriskes.vilniausr.lm.lt\/?page_id=10452\">Skaitykite toliau <span class=\"meta-nav\">&rarr;<\/span><\/a><\/p>\n","protected":false},"author":2,"featured_media":0,"parent":9236,"menu_order":0,"comment_status":"closed","ping_status":"closed","template":"","meta":{"ngg_post_thumbnail":0,"footnotes":""},"class_list":["post-10452","page","type-page","status-publish","hentry"],"_links":{"self":[{"href":"https:\/\/www.lavoriskes.vilniausr.lm.lt\/index.php?rest_route=\/wp\/v2\/pages\/10452","targetHints":{"allow":["GET"]}}],"collection":[{"href":"https:\/\/www.lavoriskes.vilniausr.lm.lt\/index.php?rest_route=\/wp\/v2\/pages"}],"about":[{"href":"https:\/\/www.lavoriskes.vilniausr.lm.lt\/index.php?rest_route=\/wp\/v2\/types\/page"}],"author":[{"embeddable":true,"href":"https:\/\/www.lavoriskes.vilniausr.lm.lt\/index.php?rest_route=\/wp\/v2\/users\/2"}],"replies":[{"embeddable":true,"href":"https:\/\/www.lavoriskes.vilniausr.lm.lt\/index.php?rest_route=%2Fwp%2Fv2%2Fcomments&post=10452"}],"version-history":[{"count":1,"href":"https:\/\/www.lavoriskes.vilniausr.lm.lt\/index.php?rest_route=\/wp\/v2\/pages\/10452\/revisions"}],"predecessor-version":[{"id":10453,"href":"https:\/\/www.lavoriskes.vilniausr.lm.lt\/index.php?rest_route=\/wp\/v2\/pages\/10452\/revisions\/10453"}],"up":[{"embeddable":true,"href":"https:\/\/www.lavoriskes.vilniausr.lm.lt\/index.php?rest_route=\/wp\/v2\/pages\/9236"}],"wp:attachment":[{"href":"https:\/\/www.lavoriskes.vilniausr.lm.lt\/index.php?rest_route=%2Fwp%2Fv2%2Fmedia&parent=10452"}],"curies":[{"name":"wp","href":"https:\/\/api.w.org\/{rel}","templated":true}]}}